prime factors of 7218.
2, 3, 401
List the prime factors of 150469.
11, 13679
List the prime factors of 1226.
2, 613
What are the prime factors of 99?
3, 11
List the prime factors of 2491.
47, 53
What are the prime factors of 2485?
5, 7, 71
What are the prime factors of 945?
3, 5, 7
What are the prime factors of 25694?
2, 29, 443
What are the prime factors of 689?
13, 53
List the prime factors of 2043.
3, 227
What are the prime factors of 2371?
2371
What are the prime factors of 7004?
2, 17, 103
What are the prime factors of 4548?
2, 3, 379
What are the prime factors of 2874?
2, 3, 479
What are the prime factors of 32829?
3, 31, 353
What are the prime factors of 2833?
2833
List the prime factors of 2261.
7, 17, 19
List the prime factors of 1225.
5, 7
What are the prime factors of 5169?
3, 1723
List the prime factors of 3600.
2, 3, 5
What are the prime factors of 5289?
3, 41, 43
List the prime factors of 9028.
2, 37, 61
List the prime factors of 1596.
2, 3, 7, 19
List the prime factors of 2156.
2, 7, 11
What are the prime factors of 88?
2, 11
List the prime factors of 4321.
29, 149
What are the prime factors of 1756?
2, 439
What are the prime factors of 120676?
2, 30169
List the prime factors of 5142.
2, 3, 857
What are the prime factors of 3941?
7, 563
What are the prime factors of 1001?
7, 11, 13
What are the prime factors of 17100?
2, 3, 5, 19
List the prime factors of 2745.
3, 5, 61
List the prime factors of 4190.
2, 5, 419
List the prime factors of 795.
3, 5, 53
List the prime factors of 16870.
2, 5, 7, 241
What are the prime factors of 17514?
2, 3, 7, 139
List the prime factors of 2755.
5, 19, 29
What are the prime factors of 11174?
2, 37, 151
What are the prime factors of 2829?
3, 23, 41
What are the prime factors of 96219?
3, 10691
What are the prime factors of 37351?
41, 911
List the prime factors of 16562.
2, 7, 13
List the prime factors of 36278.
2, 11, 17, 97
What are the prime factors of 101959?
11, 13, 23, 31
List the prime factors of 33150.
2, 3, 5, 13, 17
What are the prime factors of 14697?
3, 23, 71
List the prime factors of 14975.
5, 599
What are the prime factors of 5433?
3, 1811
List the prime factors of 30470.
2, 5, 11, 277
List the prime factors of 4441.
4441
List the prime factors of 3358.
2, 23, 73
List the prime factors of 14960.
2, 5, 11, 17
What are the prime factors of 21654?
2, 3, 401
List the prime factors of 28996.
2, 11, 659
List the prime factors of 124453.
7, 23, 773
What are the prime factors of 24848?
2, 1553
What are the prime factors of 2617?
2617
What are the prime factors of 82867?
173, 479
List the prime factors of 1148.
2, 7, 41
What are the prime factors of 1279?
1279
List the prime factors of 403.
13, 31
What are the prime factors of 6209?
7, 887
List the prime factors of 7260.
2, 3, 5, 11
List the prime factors of 26972.
2, 11, 613
List the prime factors of 5024.
2, 157
List the prime factors of 12717.
3, 157
List the prime factors of 4061.
31, 131
What are the prime factors of 1016?
2, 127
What are the prime factors of 54960?
2, 3, 5, 229
What are the prime factors of 2537?
43, 59
List the prime factors of 9576.
2, 3, 7, 19
What are the prime factors of 8868?
2, 3, 739
List the prime factors of 3263.
13, 251
What are the prime factors of 25746?
2, 3, 7, 613
List the prime factors of 807.
3, 269
List the prime factors of 4623.
3, 23, 67
List the prime factors of 6423.
3, 2141
List the prime factors of 5755.
5, 1151
What are the prime factors of 6146?
2, 7, 439
What are the prime factors of 2650?
2, 5, 53
List the prime factors of 1175.
5, 47
List the prime factors of 1063.
1063
List the prime factors of 962.
2, 13, 37
What are the prime factors of 433?
433
List the prime factors of 941.
941
What are the prime factors of 546?
2, 3, 7, 13
What are the prime factors of 310?
2, 5, 31
List the prime factors of 50402.
2, 11, 29, 79
What are the prime factors of 70703?
17, 4159
List the prime factors of 167.
167
List the prime factors of 30372.
2, 3, 2531
List the prime factors of 3923.
3923
What are the prime factors of 2778?
2, 3, 463
What are the prime factors of 16097?
16097
List the prime factors of 26345.
5, 11, 479
List the prime factors of 1393.
7, 199
List the prime factors of 40.
2, 5
What are the prime factors of 1888?
2, 59
List the prime factors of 29219.
61, 479
List the prime factors of 38986.
2, 101, 193
List the prime factors of 493.
17, 29
List the prime factors of 28789.
28789
List the prime factors of 42057.
3, 4673
List the prime factors of 40959.
3, 37, 41
List the prime factors of 332.
2, 83
What are the prime factors of 104?
2, 13
What are the prime factors of 366?
2, 3, 61
List the prime factors of 247.
13, 19
What are the prime factors of 7215?
3, 5, 13, 37
What are the prime factors of 1183?
7, 13
What are the prime factors of 83170?
2, 5, 8317
List the prime factors of 725.
5, 29
What are the prime factors of 17160?
2, 3, 5, 11, 13
List the prime factors of 1229.
1229
What are the prime factors of 5679?
3, 631
What are the prime factors of 12884?
2, 3221
What are the prime factors of 21493?
21493
List the prime factors of 32651.
103, 317
List the prime factors of 6127.
11, 557
What are the prime factors of 23617?
11, 19, 113
List the prime factors of 18.
2, 3
What are the prime factors of 665?
5, 7, 19
What are the prime factors of 39012?
2, 3, 3251
What are the prime factors of 875?
5, 7
What are the prime factors of 44995?
5, 8999
What are the prime factors of 4353?
3, 1451
List the prime factors of 8604.
2, 3, 239
What are the prime factors of 72577?
72577
What are the prime factors of 19005?
3, 5, 7, 181
What are the prime factors of 1769?
29, 61
What are the prime factors of 5755?
5, 1151
What are the prime factors of 20078?
2, 10039
What are the prime factors of 14497?
7, 19, 109
List the prime factors of 7196.
2, 7, 257
List the prime factors of 1163.
1163
What are the prime factors of 4993?
4993
List the prime factors of 50352.
2, 3, 1049
What are the prime factors of 53464?
2, 41, 163
What are the prime factors of 21472?
2, 11, 61
What are the prime factors of 4401?
3, 163
What are the prime factors of 4222?
2, 2111
What are the prime factors of 51864?
2, 3, 2161
List the prime factors of 2964.
2, 3, 13, 19
What are the prime factors of 284?
2, 71
What are the prime factors of 160?
2, 5
What are the prime factors of 5351?
5351
What are the prime factors of 82505?
5, 29, 569
List the prime factors of 402.
2, 3, 67
What are the prime factors of 91047?
3, 11, 31, 89
List the prime factors of 519.
3, 173
List the prime factors of 1053.
3, 13
What are the prime factors of 1948?
2, 487
List the prime factors of 126593.
71, 1783
What are the prime factors of 41539?
41539
List the prime factors of 23823.
3, 2647
List the prime factors of 6500.
2, 5, 13
What are the prime factors of 1128?
2, 3, 47
What are the prime factors of 662?
2, 331
What are the prime factors of 116?
2, 29
List the prime factors of 11970.
2, 3, 5, 7, 19
List the prime factors of 803.
11, 73
What are the prime factors of 25176?
2, 3, 1049
List the prime factors of 814.
2, 11, 37
What are the prime factors of 2151?
3, 239
List the prime factors of 13715.
5, 13, 211
What are the prime factors of 4830?
2, 3, 5, 7, 23
List the prime factors of 123655.
5, 7, 3533
List the prime factors of 37891.
7, 5413
List the prime factors of 6294.
2, 3, 1049
List the prime factors of 3117.
3, 1039
List the prime factors of 18804.
2, 3, 1567
What are the prime factors of 9133?
9133
What are the prime factors of 87676?
2, 23, 953
List the prime factors of 44712.
2, 3, 23
List the prime factors of 4636.
2, 19, 61
List the prime factors of 19425.
3, 5, 7, 37
List the prime factors of 5631.
3, 1877
What are the prime factors of 434?
2, 7, 31
List the prime factors of 13768.
2, 1721
What are the prime factors of 3563?
7, 509
What are the prime factors of 8255?
5, 13, 127
List the prime factors of 7774.
2, 13, 23
List the prime factors of 622.
2, 311
List the prime factors of 1693.
1693
List the prime factors of 795.
3, 5, 53
What are the prime factors of 985?
5, 197
What are the prime factors of 3646?
2, 1823
List the prime factors of 8066.
2, 37, 109
What are the prime factors of 19873?
7, 17, 167
What are the prime factors o